{"id":2213,"date":"2023-04-14T07:47:51","date_gmt":"2023-04-14T05:47:51","guid":{"rendered":"http:\/\/swisttal-quesnoy.de\/?page_id=2213"},"modified":"2023-04-14T08:00:45","modified_gmt":"2023-04-14T06:00:45","slug":"bewerbung-zur-ausstellung-liaisons_verbindungenbewerbung-zur-ausstellung","status":"publish","type":"page","link":"https:\/\/swisttal-quesnoy.de\/?page_id=2213","title":{"rendered":"Bewerbung zur Ausstellung  \u201eLiaisons_Verbindungen\u201c"},"content":{"rendered":"\n<p><strong>Bitte beachten Sie vorab die Ausschreibungsbedingungen!<\/strong><\/p>\n\n\n\n<div class=\"wp-block-file\"><a id=\"wp-block-file--media-2a1f8cae-799d-41bb-9ef5-14c72a4625ea\" href=\"http:\/\/swisttal-quesnoy.de\/wp-content\/uploads\/2023\/04\/Bedingungen_Ausschreibung_Liaison_08042023.pdf\">Bedingungen_Ausschreibung_Liaison_08042023<\/a><a href=\"http:\/\/swisttal-quesnoy.de\/wp-content\/uploads\/2023\/04\/Bedingungen_Ausschreibung_Liaison_08042023.pdf\" class=\"wp-block-file__button wp-element-button\" download aria-describedby=\"wp-block-file--media-2a1f8cae-799d-41bb-9ef5-14c72a4625ea\">Herunterladen<\/a><\/div>\n\n\n\n<hr class=\"wp-block-separator has-alpha-channel-opacity\"\/>\n\n\n\n<p><\/p>\n\n\n\n<p><strong>Hier k\u00f6nnen Sie Ihre Bewerbung direkt \u00fcber die Homepage vornehmen:<\/strong><\/p>\n\n\n\n<style id=\"wpforms-css-vars-2208\">\n\t\t\t\t#wpforms-2208 {\n\t\t\t\t\n\t\t\t}\n\t\t\t<\/style><div class=\"wpforms-container wpforms-container-full wpforms-render-modern\" id=\"wpforms-2208\"><form id=\"wpforms-form-2208\" class=\"wpforms-validate wpforms-form wpforms-ajax-form\" data-formid=\"2208\" method=\"post\" enctype=\"multipart\/form-data\" action=\"\/index.php?rest_route=%2Fwp%2Fv2%2Fpages%2F2213\" data-token=\"1728339d1b2ed00af8141fa07ff691d6\" data-token-time=\"1777663843\"><noscript class=\"wpforms-error-noscript\">Bitte aktiviere JavaScript in deinem Browser, um dieses Formular fertigzustellen.<\/noscript><div id=\"wpforms-error-noscript\" style=\"display: none;\">Bitte aktiviere JavaScript in deinem Browser, um dieses Formular fertigzustellen.<\/div><div class=\"wpforms-field-container\"><div id=\"wpforms-2208-field_0-container\" class=\"wpforms-field wpforms-field-name\" data-field-id=\"0\"><fieldset><legend class=\"wpforms-field-label\">Name <span class=\"wpforms-required-label\" aria-hidden=\"true\">*<\/span><\/legend><div class=\"wpforms-field-row wpforms-field-medium\"><div class=\"wpforms-field-row-block wpforms-first wpforms-one-half\"><input type=\"text\" id=\"wpforms-2208-field_0\" class=\"wpforms-field-name-first wpforms-field-required\" name=\"wpforms[fields][0][first]\" aria-errormessage=\"wpforms-2208-field_0-error\" required><label for=\"wpforms-2208-field_0\" class=\"wpforms-field-sublabel after\">Vorname<\/label><\/div><div class=\"wpforms-field-row-block wpforms-one-half\"><input type=\"text\" id=\"wpforms-2208-field_0-last\" class=\"wpforms-field-name-last wpforms-field-required\" name=\"wpforms[fields][0][last]\" aria-errormessage=\"wpforms-2208-field_0-last-error\" required><label for=\"wpforms-2208-field_0-last\" class=\"wpforms-field-sublabel after\">Nachname<\/label><\/div><\/div><\/fieldset><\/div><div id=\"wpforms-2208-field_4-container\" class=\"wpforms-field wpforms-field-text\" data-field-id=\"4\"><label class=\"wpforms-field-label\" for=\"wpforms-2208-field_4\">Anschrift <span class=\"wpforms-required-label\" aria-hidden=\"true\">*<\/span><\/label><input type=\"text\" id=\"wpforms-2208-field_4\" class=\"wpforms-field-medium wpforms-field-required\" name=\"wpforms[fields][4]\" aria-errormessage=\"wpforms-2208-field_4-error\" required><\/div><div id=\"wpforms-2208-field_1-container\" class=\"wpforms-field wpforms-field-email\" data-field-id=\"1\"><label class=\"wpforms-field-label\" for=\"wpforms-2208-field_1\">E-Mail <span class=\"wpforms-required-label\" aria-hidden=\"true\">*<\/span><\/label><input type=\"email\" id=\"wpforms-2208-field_1\" class=\"wpforms-field-medium wpforms-field-required\" name=\"wpforms[fields][1]\" spellcheck=\"false\" aria-errormessage=\"wpforms-2208-field_1-error\" required><\/div><div id=\"wpforms-2208-field_5-container\" class=\"wpforms-field wpforms-field-text\" data-field-id=\"5\"><label class=\"wpforms-field-label\" for=\"wpforms-2208-field_5\">Homepage \/ social media<\/label><input type=\"text\" id=\"wpforms-2208-field_5\" class=\"wpforms-field-medium\" name=\"wpforms[fields][5]\" aria-errormessage=\"wpforms-2208-field_5-error\" ><\/div><div id=\"wpforms-2208-field_3-container\" class=\"wpforms-field wpforms-field-textarea\" data-field-id=\"3\"><label class=\"wpforms-field-label\" for=\"wpforms-2208-field_3\">Kurz-Vita <span class=\"wpforms-required-label\" aria-hidden=\"true\">*<\/span><\/label><textarea id=\"wpforms-2208-field_3\" class=\"wpforms-field-medium wpforms-field-required\" name=\"wpforms[fields][3]\" aria-errormessage=\"wpforms-2208-field_3-error\" required><\/textarea><\/div><div id=\"wpforms-2208-field_2-container\" class=\"wpforms-field wpforms-field-textarea\" data-field-id=\"2\"><label class=\"wpforms-field-label\" for=\"wpforms-2208-field_2\">Statement (Bezug des Kunstwerkes \/ der Kunstwerke zum Ausstellungstitel) <span class=\"wpforms-required-label\" aria-hidden=\"true\">*<\/span><\/label><textarea id=\"wpforms-2208-field_2\" class=\"wpforms-field-medium wpforms-field-required\" name=\"wpforms[fields][2]\" aria-errormessage=\"wpforms-2208-field_2-error\" required><\/textarea><\/div><div id=\"wpforms-2208-field_7-container\" class=\"wpforms-field wpforms-field-checkbox\" data-field-id=\"7\"><fieldset><legend class=\"wpforms-field-label\">Best\u00e4tigungen <span class=\"wpforms-required-label\" aria-hidden=\"true\">*<\/span><\/legend><ul id=\"wpforms-2208-field_7\" class=\"wpforms-field-required\"><li class=\"choice-1 depth-1\"><input type=\"checkbox\" id=\"wpforms-2208-field_7_1\" name=\"wpforms[fields][7][]\" value=\"Ich best\u00e4tige, dass ich die Ausschreibungsbedingungen gelesen habe.\" aria-errormessage=\"wpforms-2208-field_7_1-error\" required ><label class=\"wpforms-field-label-inline\" for=\"wpforms-2208-field_7_1\">Ich best\u00e4tige, dass ich die Ausschreibungsbedingungen gelesen habe.<\/label><\/li><li class=\"choice-4 depth-1\"><input type=\"checkbox\" id=\"wpforms-2208-field_7_4\" name=\"wpforms[fields][7][]\" value=\"Ich sende aussagef\u00e4hige Fotos an kontakt@swisttal-quesnoy.de\" aria-errormessage=\"wpforms-2208-field_7_4-error\" required ><label class=\"wpforms-field-label-inline\" for=\"wpforms-2208-field_7_4\">Ich sende aussagef\u00e4hige Fotos an kontakt@swisttal-quesnoy.de<\/label><\/li><\/ul><\/fieldset><\/div><div id=\"wpforms-2208-field_6-container\" class=\"wpforms-field wpforms-field-gdpr-checkbox\" data-field-id=\"6\"><label class=\"wpforms-field-label\">DSGVO-Einverst\u00e4ndnis <span class=\"wpforms-required-label\" aria-hidden=\"true\">*<\/span><\/label><ul id=\"wpforms-2208-field_6\" class=\"wpforms-field-required\"><li class=\"choice-1\"><input type=\"checkbox\" id=\"wpforms-2208-field_6_1\" name=\"wpforms[fields][6][]\" value=\"Ich willige ein, dass diese Website meine \u00fcbermittelten Informationen speichert, sodass meine Anfrage beantwortet werden kann.\" aria-errormessage=\"wpforms-2208-field_6_1-error\" required ><label class=\"wpforms-field-label-inline\" for=\"wpforms-2208-field_6_1\">Ich willige ein, dass diese Website meine \u00fcbermittelten Informationen speichert, sodass meine Anfrage beantwortet werden kann.<\/label><\/li><\/ul><\/div><\/div><!-- .wpforms-field-container --><div class=\"wpforms-recaptcha-container wpforms-is-hcaptcha\" ><div class=\"h-captcha\" data-sitekey=\"36bd04eb-7277-4252-9560-88599167a0b3\"><\/div><input type=\"text\" name=\"g-recaptcha-hidden\" class=\"wpforms-recaptcha-hidden\" style=\"position:absolute!important;clip:rect(0,0,0,0)!important;height:1px!important;width:1px!important;border:0!important;overflow:hidden!important;padding:0!important;margin:0!important;\" data-rule-hcaptcha=\"1\"><\/div><div class=\"wpforms-submit-container\" ><input type=\"hidden\" name=\"wpforms[id]\" value=\"2208\"><input type=\"hidden\" name=\"page_title\" value=\"\"><input type=\"hidden\" name=\"page_url\" value=\"https:\/\/swisttal-quesnoy.de\/index.php?rest_route=\/wp\/v2\/pages\/2213\"><input type=\"hidden\" name=\"url_referer\" value=\"\"><button type=\"submit\" name=\"wpforms[submit]\" id=\"wpforms-submit-2208\" class=\"wpforms-submit\" data-alt-text=\"Senden\u2026\" data-submit-text=\"Absenden\" aria-live=\"assertive\" value=\"wpforms-submit\">Absenden<\/button><img loading=\"lazy\" decoding=\"async\" src=\"https:\/\/swisttal-quesnoy.de\/wp-content\/plugins\/wpforms-lite\/assets\/images\/submit-spin.svg\" class=\"wpforms-submit-spinner\" style=\"display: none;\" width=\"26\" height=\"26\" alt=\"Wird geladen\"><\/div><\/form><\/div>  <!-- .wpforms-container -->\n\n\n\n<hr class=\"wp-block-separator has-alpha-channel-opacity\"\/>\n\n\n\n<p><strong>Alternativ k\u00f6nnen Sie auch das folgende Formular ausf\u00fcllen und es an die dort angegebene Emailadresse senden:<\/strong><\/p>\n\n\n\n<div class=\"wp-block-file\"><a id=\"wp-block-file--media-82adc770-5f0a-4346-86b7-fcfe8ced2e34\" href=\"http:\/\/swisttal-quesnoy.de\/wp-content\/uploads\/2023\/04\/Liaison_Bewerbung_Name_Vorname.pdf\">Liaison_Bewerbung_Name_Vorname<\/a><a href=\"http:\/\/swisttal-quesnoy.de\/wp-content\/uploads\/2023\/04\/Liaison_Bewerbung_Name_Vorname.pdf\" class=\"wp-block-file__button wp-element-button\" download aria-describedby=\"wp-block-file--media-82adc770-5f0a-4346-86b7-fcfe8ced2e34\">Herunterladen<\/a><\/div>\n","protected":false},"excerpt":{"rendered":"<p>Bitte beachten Sie vorab die Ausschreibungsbedingungen! Hier k\u00f6nnen Sie Ihre Bewerbung direkt \u00fcber die Homepage vornehmen: Alternativ k\u00f6nnen Sie auch das folgende Formular ausf\u00fcllen und es an die dort angegebene Emailadresse senden:<\/p>\n","protected":false},"author":1,"featured_media":0,"parent":0,"menu_order":0,"comment_status":"closed","ping_status":"closed","template":"","meta":{"footnotes":""},"class_list":["post-2213","page","type-page","status-publish","hentry"],"_links":{"self":[{"href":"https:\/\/swisttal-quesnoy.de\/index.php?rest_route=\/wp\/v2\/pages\/2213","targetHints":{"allow":["GET"]}}],"collection":[{"href":"https:\/\/swisttal-quesnoy.de\/index.php?rest_route=\/wp\/v2\/pages"}],"about":[{"href":"https:\/\/swisttal-quesnoy.de\/index.php?rest_route=\/wp\/v2\/types\/page"}],"author":[{"embeddable":true,"href":"https:\/\/swisttal-quesnoy.de\/index.php?rest_route=\/wp\/v2\/users\/1"}],"replies":[{"embeddable":true,"href":"https:\/\/swisttal-quesnoy.de\/index.php?rest_route=%2Fwp%2Fv2%2Fcomments&post=2213"}],"version-history":[{"count":11,"href":"https:\/\/swisttal-quesnoy.de\/index.php?rest_route=\/wp\/v2\/pages\/2213\/revisions"}],"predecessor-version":[{"id":2238,"href":"https:\/\/swisttal-quesnoy.de\/index.php?rest_route=\/wp\/v2\/pages\/2213\/revisions\/2238"}],"wp:attachment":[{"href":"https:\/\/swisttal-quesnoy.de\/index.php?rest_route=%2Fwp%2Fv2%2Fmedia&parent=2213"}],"curies":[{"name":"wp","href":"https:\/\/api.w.org\/{rel}","templated":true}]}}