{"id":1915,"date":"2022-03-14T08:02:01","date_gmt":"2022-03-14T06:02:01","guid":{"rendered":"http:\/\/swisttal-quesnoy.de\/?page_id=1915"},"modified":"2026-04-03T23:21:22","modified_gmt":"2026-04-03T21:21:22","slug":"beitrittserklaerung","status":"publish","type":"page","link":"https:\/\/swisttal-quesnoy.de\/?page_id=1915","title":{"rendered":"Beitrittserkl\u00e4rung"},"content":{"rendered":"\n<p>Die Beitrittserkl\u00e4rung wird derzeit \u00fcberarbeitet.<\/p>\n\n\n\n<p>Bitte wenden Sie sich an kontakt@swisttal-quesnoy.de.<\/p>\n\n\n\n<p>Hinweis zur Vereinssatzung: Der Link f\u00fchrt nicht zum gesuchten Dokument, daher kann diese hier eingesehen werden:<\/p>\n\n\n\n<div data-wp-interactive=\"core\/file\" class=\"wp-block-file\"><object data-wp-bind--hidden=\"!state.hasPdfPreview\" hidden class=\"wp-block-file__embed\" data=\"https:\/\/swisttal-quesnoy.de\/wp-content\/uploads\/2026\/04\/Satzung-Partnerschaftsverein-1-2.pdf\" type=\"application\/pdf\" style=\"width:100%;height:600px\" aria-label=\"Einbettung von Satzung Partnerschaftsverein (1).\"><\/object><a id=\"wp-block-file--media-2f76ccfb-f03b-445c-a6ab-8d86bb3010e3\" href=\"https:\/\/swisttal-quesnoy.de\/wp-content\/uploads\/2026\/04\/Satzung-Partnerschaftsverein-1-2.pdf\">Satzung Partnerschaftsverein (1)<\/a><a href=\"https:\/\/swisttal-quesnoy.de\/wp-content\/uploads\/2026\/04\/Satzung-Partnerschaftsverein-1-2.pdf\" class=\"wp-block-file__button wp-element-button\" download aria-describedby=\"wp-block-file--media-2f76ccfb-f03b-445c-a6ab-8d86bb3010e3\">Herunterladen<\/a><\/div>\n\n\n\n\n\n\n\n<figure class=\"wp-block-gallery has-nested-images columns-default is-cropped wp-block-gallery-1 is-layout-flex wp-block-gallery-is-layout-flex\"><\/figure>\n\n\n\n\n\n\n\n\n\n\n\n\n\n<figure class=\"wp-block-gallery has-nested-images columns-default is-cropped wp-block-gallery-2 is-layout-flex wp-block-gallery-is-layout-flex\"><\/figure>\n\n\n\n\n\n\n\n\n","protected":false},"excerpt":{"rendered":"<p>Die Beitrittserkl\u00e4rung wird derzeit \u00fcberarbeitet. Bitte wenden Sie sich an kontakt@swisttal-quesnoy.de. Hinweis zur Vereinssatzung: Der Link f\u00fchrt nicht zum gesuchten Dokument, daher kann diese hier eingesehen werden:<\/p>\n","protected":false},"author":1,"featured_media":0,"parent":0,"menu_order":0,"comment_status":"closed","ping_status":"closed","template":"","meta":{"footnotes":""},"class_list":["post-1915","page","type-page","status-publish","hentry"],"_links":{"self":[{"href":"https:\/\/swisttal-quesnoy.de\/index.php?rest_route=\/wp\/v2\/pages\/1915","targetHints":{"allow":["GET"]}}],"collection":[{"href":"https:\/\/swisttal-quesnoy.de\/index.php?rest_route=\/wp\/v2\/pages"}],"about":[{"href":"https:\/\/swisttal-quesnoy.de\/index.php?rest_route=\/wp\/v2\/types\/page"}],"author":[{"embeddable":true,"href":"https:\/\/swisttal-quesnoy.de\/index.php?rest_route=\/wp\/v2\/users\/1"}],"replies":[{"embeddable":true,"href":"https:\/\/swisttal-quesnoy.de\/index.php?rest_route=%2Fwp%2Fv2%2Fcomments&post=1915"}],"version-history":[{"count":3,"href":"https:\/\/swisttal-quesnoy.de\/index.php?rest_route=\/wp\/v2\/pages\/1915\/revisions"}],"predecessor-version":[{"id":2866,"href":"https:\/\/swisttal-quesnoy.de\/index.php?rest_route=\/wp\/v2\/pages\/1915\/revisions\/2866"}],"wp:attachment":[{"href":"https:\/\/swisttal-quesnoy.de\/index.php?rest_route=%2Fwp%2Fv2%2Fmedia&parent=1915"}],"curies":[{"name":"wp","href":"https:\/\/api.w.org\/{rel}","templated":true}]}}